Let f(u) = 484*u**2 + 20*u - 40. What is the thousands digit of f(2)?
1
Suppose 4*l = -5*c + 900, -4*l - 3*c + 672 = -l. What is the hundreds digit of l?
2
Let c = -7 - -7. Let x(f) = -7*f**2 - 10*f + f**3 + c + 6*f - 4. What is the units digit of x(8)?
8
Let m(q) = 53*q + 4. Let w be m(3). Suppose -4*n + w = 51. What is the units digit of 1 + n + -1 + -1?
7
Let u(n) = n**2 - 5*n + 7. Let k be u(10). Let v = -52 + 138. Let a = v - k. What is the tens digit of a?
2
Suppose 5*w + r - 61 = 0, 3*w + r - 2*r = 35. Let y be w/(-9)*9/6. Let p = 8 - y. What is the units digit of p?
0
Suppose 8528 = 4*w - 2*i - 4464, 0 = -5*w + 4*i + 16246. What is the tens digit of w?
4
Let d be 2*-2*15/10. Let s(b) = 4*b**2 - b - 7. What is the units digit of s(d)?
3
Suppose 2*c - 3*m = 4*c + 12, 2*m + 8 = 5*c. Let k(l) = c - l**2 + 3 - 4*l - l. What is the units digit of k(-4)?
7
Let p(i) = -i**3 + 3*i**2 + 7*i - 6. Let w be p(4). Let c be (12 + w)*2/(-2). What is the tens digit of 289/7 - c/(-63)?
4
Let d be (990/(-12))/(2*(-2)/8). Suppose -231 - d = -12*w. What is the tens digit of w?
3
Suppose 35*j = 38*j. Suppose d + g = -d + 169, j = 4*d + g - 341. What is the tens digit of d?
8
Suppose -4377 = -21*b + 1755. What is the units digit of b?
2
Let b(d) = 14*d**3 + d**2 - 8*d + 11. What is the units digit of b(5)?
6
Suppose 40*s - 25296 = -28*s. What is the tens digit of s?
7
Suppose 0 = 3*c - c - 32. Suppose 1 - c = -3*x. Suppose -29 = 3*v - 4*v - 3*y, -x*y = 5*v - 95. What is the tens digit of v?
1
Let p(b) = b. Let a be p(-2). What is the units digit of (-4)/(-8) + (-67)/a?
4
Suppose 19*c = 35*c - 11504. What is the units digit of c?
9
Let f(n) = 53*n**2 + n - 4 + 63*n**2 - 2*n - 3*n. What is the units digit of f(-1)?
6
Suppose 8*j = -2*j + 4440. What is the hundreds digit of j?
4
Let g = -13 + 11. Let d be ((-15)/(-45))/(g/30). Let s = d + 52. What is the units digit of s?
7
Suppose -c = 2*c - 12. What is the tens digit of (264/(-9))/(c - 75/18)?
7
Suppose 24 = -g + 3*g. What is the tens digit of (78/4)/(9/g)?
2
Suppose 3160 = 24*z - 4184. What is the hundreds digit of z?
3
Let f(s) = -s**3 + s**2 - s - 7. Let a be f(0). Let j(k) = k**2 - 3*k - 17. What is the tens digit of j(a)?
5
Let j(q) = 443*q**2 - 426*q**2 + 15 - 8 + q**3 - 4*q. What is the units digit of j(-17)?
5
Let h(q) = q**3 + 13*q**2 - 31*q - 22. Let d be h(-15). Let j(u) = -11*u. What is the tens digit of j(d)?
7
What is the hundreds digit of (14952/(-98))/(4/(-14))?
5
Suppose 0 = -3*k + 252 - 1683. Let s = -279 - k. What is the hundreds digit of s?
1
Suppose -7 = 2*d + 5. What is the units digit of 32*(27/d)/(-3)?
8
Suppose 0 = 4*u + 4*p - 32, -5*p - 15 = -5. What is the units digit of (47/2)/(u/20)?
7
Let v be (480/14)/((-6)/(-714)*2). Suppose 6*r + v = 30*r. What is the tens digit of r?
8
Suppose s + 5 = 13. Suppose 10 = 10*q - s*q. What is the units digit of q?
5
Suppose 2*l = g - 46 - 37, -3*l + 6 = 0. Let q = g - 75. What is the tens digit of q?
1
Let z(y) = y**3 + 23*y**2 + 17*y + 22. What is the units digit of z(-16)?
2
Let d = -15 - -15. Suppose d = -2*x + 137 + 101. What is the units digit of x?
9
Let j = -27 + 15. Let v = j - -5. Let b(p) = -p**2 - 8*p + 6. What is the units digit of b(v)?
3
Let z(s) = -8*s**2 - 8*s + 2. Let w be z(7). What is the units digit of w/(-7) - 12/(-42)?
4
Suppose y + 0 + 10 = -d, 2*y + 5*d = -26. Let r = -5 - y. Suppose -3*k = -r*v + 12 + 51, 2*k = -4. What is the tens digit of v?
1
Suppose 3*j - m + 2 = 0, 0 = -5*j - 2*m + 7 - 3. Suppose -i = 2*u - 39, j = -i - 6*u + u + 54. What is the tens digit of i?
2
Suppose 0 = -p - p + 6. Suppose p*k = 6*k - 15. Suppose -5*f + 50 = 5*o, -k*f - 4 = -24. What is the units digit of o?
6
Let g = 33 + -43. What is the units digit of (-5)/g*-18*37/(-3)?
1
Let i(m) = -7*m - 3. Let a(y) = -y - 7. Let v(q) = 1. Let f(g) = a(g) + 6*v(g). Let s(l) = 6*f(l) - i(l). What is the units digit of s(5)?
2
Suppose 5*w = 8*w - 6. Suppose -w*s = -18 + 2. Let b(u) = u**2 - 3*u - 8. What is the units digit of b(s)?
2
Let f(d) = -321*d - 274. What is the hundreds digit of f(-5)?
3
Suppose 0 = -2*z, 0*h + 2*z - 212 = -2*h. What is the hundreds digit of h?
1
Suppose 5*t = 4*t + k, -k = -3. Suppose t*w + 65 = 8*w - 5*b, 2*w - 21 = b. Suppose w*i - 3*i - 340 = 0. What is the tens digit of i?
6
Suppose 4*t = t. Let l(i) = -i**3 + i**2 + 3. Let y be l(t). What is the units digit of 2/(y + -4) + 23?
1
Let f(y) = -15*y - 3. Let z be f(-9). Suppose 4*b - 4*j = z, -j + 99 = 4*b - 38. What is the units digit of b?
4
Let n(t) = t**3 + 10*t**2 + 9*t. Suppose 3*i - 20 = -i, 0 = 3*r + i + 22. Let x be n(r). Let k(m) = -m**3 - m + 65. What is the units digit of k(x)?
5
Suppose -m + 5338 = 5*l, -2*m + 5*m = -2*l + 2143. What is the units digit of l?
7
What is the thousands digit of (124872/(-430))/(9/(-120))?
3
Suppose -3*q + 3*u + 903 = 0, 1204 = 4*q + u + u. What is the hundreds digit of q?
3
Suppose -3*g - 6*o = -4*o + 6, 3*g + o = -6. What is the tens digit of (-636)/g*(0 + (-7)/(-14))?
5
Let s(r) = -3*r**2 + 3*r + 6. Let w(b) = 4*b**2 - 2*b - 7. Let j be (-4)/14 - 48/28. Let y(i) = j*w(i) - 3*s(i). What is the tens digit of y(11)?
6
Let x(k) = k**3 + 11*k**2 - 15*k - 32. Let o be x(-12). Suppose -3*t - 5*d - 41 = -4*d, -3*t + 3*d = 57. Let f = o - t. What is the units digit of f?
9
Let w = 3156 - -104. What is the tens digit of w?
6
Let s be (-3 - (-1 + -1))*7. Let p = s + 2. What is the units digit of p/2*84/(-10)?
1
Suppose 5*w + 7 = -3. Let r = 5 + w. What is the tens digit of 16/r*(-45)/(-10)?
2
What is the hundreds digit of (-3 + (-5)/(25/2780))*-1?
5
Let m(r) = -10*r**2 - 4*r. Let l be m(3). Let a = 122 + l. What is the tens digit of a?
2
Let x = -55 - -137. Let m = 331 - 208. Let t = m - x. What is the units digit of t?
1
Suppose -4*l + 2902 = n + n, -3*l + 2181 = 3*n. What is the hundreds digit of l?
7
Let s(v) = -v**3 - 8*v**2 - 8*v - 6. Let h(j) = -j**2 + 6*j + 6. Let m be h(9). Let r be m*(30/9 - 3). What is the units digit of s(r)?
1
Let o(u) = -8*u**2 - 4*u + 4. Let v be o(2). What is the units digit of 3*4*(-33)/v?
1
Suppose -24 = -2*l + 82. Let k = l - -22. What is the units digit of k?
5
Let q = 6 + -4. Suppose 5*i + q*f = -f + 102, -3*i + 2*f + 65 = 0. Suppose 0 = t - z - i, -t + 0*z - 4*z = -21. What is the units digit of t?
1
Let s = 158 + -45. What is the tens digit of s?
1
Let n be (20/(-3))/((-3)/27). Let o be ((-72)/n)/((-2)/(-10)). Let u(m) = -m + 6. What is the units digit of u(o)?
2
Let i(p) = -5*p + 4. Let r = -15 - -16. Let g be i(r). What is the units digit of (62 + g)*(11 + -10)?
1
Let p = -13 - -19. Let z(i) = 2*i**2 - 2*i - 2. What is the units digit of z(p)?
8
What is the thousands digit of 33/3*(-995)/(-5)?
2
Suppose -5*o = -5*v + 9275 + 11550, 4*v + 5*o - 16660 = 0. What is the thousands digit of v?
4
Suppose 3*h = -12 - 3, -4*z + 3*h = -1047. Suppose 0 = 8*d - z - 430. What is the units digit of d?
6
Let c = -40 + 43. Suppose p - q - 16 = 0, 0*q - 78 = -4*p - c*q. Suppose -2*n = p - 66. What is the units digit of n?
4
Suppose -3*z - 135 = -3*d, -3*d - 4*z = -4*d + 36. Suppose -222 = -3*k - d. What is the tens digit of k?
5
Let y(s) = s + 9. Let h be y(-7). What is the hundreds digit of 3 - -209 - (h + 1)?
2
Suppose -4*t = j - 2409, -2825 = -5*j - 5*t + 9250. What is the thousands digit of j?
2
Let u(f) = 0*f + 2*f - 7 + f**3 + 18 - 11*f**2 + 3*f. What is the tens digit of u(11)?
6
Let w(j) = -3519*j**3 + j**2 - 35*j - 35. What is the units digit of w(-1)?
0
Suppose 5*l = -5*w - 0*l + 13305, -2*l = -5*w + 13305. What is the units digit of w?
1
Suppose -218 = 6*s - 1250. Let o = -88 + s. Suppose -o = -12*l + 8*l. What is the tens digit of l?
2
Suppose 15*h + 13 = 1078. Suppose 3*g = -h + 557. What is the units digit of g?
2
What is the thousands digit of 1722 + -4*3/4?
1
Let a = 5 - -78. What is the tens digit of a?
8
Let z = -9 + 10. Suppose 2*o = o + z. Suppose w = -o + 27. What is the tens digit of w?
2
Suppose -259 = 6*k - 763. What is the units digit of k?
4
Let b(x) = 21*x**2 - x + 33. What is the hundreds digit of b(6)?
7
Let u(t) = t**2 + 6*t - 1. Suppose 0 = 2*p - 4*p - 14. Let q be u(p). Suppose -q*y - 32 = -170. What is the tens digit of y?
2
Suppose 0 = -4*r + 32 + 8. Let w(h) = -4*h**3 + h**2 - h - 3. L